) = -13*p(d) + 6*w(d). What are the prime factors of k(10)?
31
Let f(b) be the third derivative of b**4/6 - 31*b**3/6 + 15*b**2. What are the prime factors of f(10)?
3
Let v = 18 + 49. Suppose 3*r + v = u, -3*u + 161 = -0*u + r. What are the prime factors of u?
5, 11
Let m be (-397)/(-5) + (-10)/25. Let k = -44 + m. List the prime factors of k.
5, 7
Let p(y) = -4*y + 1. Let k(w) = -w**3 - 2*w**2 + 2*w - 4. Let o be k(-3). Let x be p(o). Suppose x*m - 23 = 152. List the prime factors of m.
5, 7
Let o = 401 + 267. List the prime factors of o.
2, 167
Let w(c) = 12*c**3 + 5*c**2 - 2*c - 3. Let r be w(3). Let k be (5/2 + -2)/((-17)/(-136)). What are the prime factors of 1/(k*3/r)?
2, 3, 5
Let j = 2863 - 1227. List the prime factors of j.
2, 409
Let v = 5 - 3. Let w be 15/(-9)*6/v. What are the prime factors of (-2)/w - 390/(-25)?
2
Let n(j) = 260*j + 109. What are the prime factors of n(4)?
3, 383
Suppose 0 = -3*b - 393 + 12. Let t = b - -190. What are the prime factors of t?
3, 7
Suppose -86*d = -95*d + 3834. List the prime factors of d.
2, 3, 71
List the prime factors of (-24)/(-16)*(1 + (-4479)/(-9)).
2, 11, 17
Suppose -2 + 0 = r. Let i(c) = -31*c + 7. Let b be i(r). Suppose -b = -2*k - 27. What are the prime factors of k?
3, 7
Let a(y) = y + 2*y - 2*y - 2 + 0*y. Let b be a(4). Suppose -4*t = f - 45, b*f = -2*t + f + 23. List the prime factors of t.
11
Let a = 3 + 23. Let b be (1 + 1 - 1) + -1. Suppose b = -5*m + 149 + a. List the prime factors of m.
5, 7
Let a(h) = 5*h - 2*h - h**3 + 16*h**2 + 4 + 3*h + 4. List the prime factors of a(16).
2, 13
Suppose 0 = -j - 3*j + 972. Suppose -13*c + j = -4*c. List the prime factors of c.
3
Suppose 2*m + 813 + 203 = 2*o, -2032 = -4*o + 3*m. What are the prime factors of o?
2, 127
Let p(d) = -44*d + 54. What are the prime factors of p(-9)?
2, 3, 5
Suppose -32 + 33 = m. Let t(k) be the first derivative of 35*k**3/3 + k**2/2 - k - 1. What are the prime factors of t(m)?
5, 7
Suppose -2*s + 144 = 4*u, -s + 5*s - 270 = -2*u. List the prime factors of s.
2, 3, 11
Let b(m) = -3*m**3 - 27*m**2 - 7*m + 8. Let y(q) = -q**3 - 9*q**2 - 2*q + 3. Let j(p) = -4*b(p) + 11*y(p). List the prime factors of j(-8).
17
Let c = -1804 - -3955. List the prime factors of c.
3, 239
Suppose 4*s = 8*q - 10*q + 5788, -5*s = 4*q - 7235. List the prime factors of s.
1447
Let p(v) = -560 - 11*v**2 + 11*v + 4*v**3 + 555 - 3*v**3. What are the prime factors of p(10)?
5
Let l = 10 + 0. Suppose 3*u = -2*u + l. List the prime factors of 3 + u + -2 + 15.
2, 3
Let w be ((-2)/(-1))/(-1) - -10. Let r(a) = -a + 2. Let p be r(w). Let k = p + 23. What are the prime factors of k?
17
Suppose -5 = 4*s + 15, 0 = 2*c + 3*s - 405. What are the prime factors of c?
2, 3, 5, 7
Let q(l) = 3*l**2 - 116*l + 295. List the prime factors of q(62).
3, 5, 103
Let c = 57 + -48. What are the prime factors of 84/c + 1/(-3)?
3
Let w(u) = 7*u**2 + 4*u + 15. Let j be w(-7). Suppose j = -2*p + 8*p. What are the prime factors of p?
5, 11
Let d(s) = 7*s**3 - 6*s**2 + 11*s - 5. Let k be d(4). Suppose 4*y = k + 193. List the prime factors of y.
2, 73
Let m(r) = r - 5. Suppose y + 0*y = 4. Let h be m(y). Let t(x) = 15*x**2 - 3*x - 2. What are the prime factors of t(h)?
2
Suppose -4*o + 2*d + 9621 = 2235, o = -3*d + 1864. List the prime factors of o.
43
Let q(b) = b + 4. Let r(p) = 3 - 3*p + 2*p + 2*p + 0. Let v(k) = 5*q(k) - 6*r(k). What are the prime factors of v(-7)?
3
Let r(c) = 2*c**2 - 24*c - 36. What are the prime factors of r(14)?
2, 5
Let f be (-2)/(-1) - -17 - 2. Suppose 0 = 4*m - 5*g + 340, 1 - f = 4*g. Let w = -54 - m. What are the prime factors of w?
2, 3
Let n(m) be the second derivative of -41*m**3/3 + 3*m**2/2 + 22*m. What are the prime factors of n(-1)?
5, 17
Suppose p + d - 836 = 351, 4*p = 4*d + 4716. List the prime factors of p.
7, 13
Let y(w) = 148*w - 6. Let s be y(-6). Let o be (-5)/35 + s/14. Let k = -37 - o. List the prime factors of k.
3
Let k(r) = 136*r - 10. List the prime factors of k(1).
2, 3, 7
Suppose 0 = -4*c - o + 5, -2 = -3*c + 3*o - 17. Suppose c = 4*q - 131 + 39. What are the prime factors of q?
23
Let c = 119 - 117. Suppose -352 = -c*j - 106. What are the prime factors of j?
3, 41
Suppose -2*f + 2 + 6 = 0. Let v be 0 + 0 + f + 0. Suppose 7*m + 4*q = 4*m + 58, 0 = -m + v*q - 2. List the prime factors of m.
2, 7
Let p(l) = 56*l**2 + 9*l + 65. What are the prime factors of p(-4)?
5, 37
Let p be (-3)/((-12)/8) - -3. Suppose -2*t + 4 = 0, -3*x + 0*t = p*t - 40. List the prime factors of -60*2*(-2)/x.
2, 3
Suppose 4*g + 3 = -13, 48 = 4*c - 3*g. Suppose c*q - 152 = 181. List the prime factors of q.
37
Let u be (3 + (-28)/8)*-54. Let a = 120 - u. Suppose 5*h = a + 72. List the prime factors of h.
3, 11
Suppose -2*a = -3*a + x + 150, 0 = -4*x + 8. Let k = a + -42. List the prime factors of k.
2, 5, 11
Let i(v) = -40*v - 36. Let z(y) = -4*y**3 - 2*y + 1. Let p be z(1). What are the prime factors of i(p)?
2, 41
Let n = -6 + 15. Let t(l) = 7*l - 4. What are the prime factors of t(n)?
59
Suppose -3*m - 12 = -6*m. Let t = 5 - m. List the prime factors of ((-5)/(-5))/(t/22).
2, 11
List the prime factors of -6*(-3 + 604/(-8)).
3, 157
Suppose 1022 = b - 1843. List the prime factors of b.
3, 5, 191
Suppose x + 208 = 3*s - s, -x + 5*s - 205 = 0. List the prime factors of (60/(-14))/(45/x).
2, 5
Suppose -5 = 4*a - 9*a. Suppose -x + 0 = a. What are the prime factors of (5 - -2)*(0 - x)?
7
Let m be -278*(-1)/2 - (-9)/(-3). Let g = -6 + m. What are the prime factors of g?
2, 5, 13
List the prime factors of (3 - (-6080)/24) + 2/(-6).
2
Suppose 62*m - 1195 = 57*m. Suppose 8 = -o + 5*o, -4*o + m = 3*p. What are the prime factors of p?
7, 11
Let m = 90 + -55. Suppose -a + 5*p = 3*a - 33, -5*p = -a + 27. List the prime factors of 3*a/(30/m).
7
Let n(p) = 2*p**2 - p - 2. Let i be n(5). Let q = 1 + i. What are the prime factors of q?
2, 11
Let u = -125 + 275. List the prime factors of (-9)/12 - u/(-8).
2, 3
Suppose 0 - 2 = h. Let o be h/(0 - 1) - 1. Let i = o - -1. List the prime factors of i.
2
Let w(q) be the second derivative of 6*q - 1/3*q**3 + 5/12*q**4 + 0 + 1/2*q**2. What are the prime factors of w(2)?
17
Let c(v) = v**3 + 14*v**2 + 2*v + 13. Let w be c(-14). Let p = w - 11. Let k = -4 - p. What are the prime factors of k?
2, 11
Suppose 4*n + 0*n + 20 = 0, 4*b + 5*n - 10563 = 0. What are the prime factors of b?
2647
Suppose -2*w - 176 = -f, 5*w = -0*w. Suppose 99 + f = 5*l. What are the prime factors of l?
5, 11
Suppose -5*b + 3*s = -995, -32*b + 5*s + 417 = -30*b. What are the prime factors of b?
2, 7
Let b = 44 + -41. Suppose 2*s - u = 6*s - 361, -b*u = -15. List the prime factors of s.
89
Suppose 0 = 9*q - 3470 - 4. List the prime factors of q.
2, 193
Let y(d) = 8*d + 63. Let o be y(-8). What are the prime factors of o/4 + 18718/56?
2, 167
Let n(q) = 2*q**2 + 21*q + 2. Let s be n(-10). List the prime factors of ((-6)/9)/((40/1035)/s).
2, 3, 23
Suppose -5*p - 259 + 709 = 0. List the prime factors of p.
2, 3, 5
Let a(b) = -b**2 + 10*b + 11. Let c be a(11). Let r be c*(-1)/4*2. Suppose -5*g = 2*u - 23, -g + r = 5. What are the prime factors of u?
2, 3
Suppose -28 = -2*v - 5*f, 5*v + 4*f + 18 - 71 = 0. What are the prime factors of v?
3
Suppose 0 = 38*y - 42*y + 1676. What are the prime factors of y?
419
Let g = -499 + 807. What are the prime factors of g?
2, 7, 11
Let d = 267 + 206. What are the prime factors of d?
11, 43
Let v = -47 - -47. Suppose 440 = 5*u - 5*p, -u + 5*p = -v*u - 84. List the prime factors of u.
89
Let a(b) = 13*b**2 - 22*b - 112. What are the prime factors of a(-13)?
2371
Let m(t) = 4*t**2 + 24*t + 597. What are the prime factors of m(30)?
3, 11, 149
Let r(u) = -u**2 + 6*u - 2. Suppose 5 = -3*o + 20. Let c be r(o). Suppose -4*f + 119 = c*g, 109 = -3*f + 7*f + g. What are the prime factors of f?
2, 13
Let b = 9 - -17. Let g = 78 - b. What are the prime factors of g?
2, 13
Let g = -5 - -5. Let h be (3 - g) + (-12)/4. Suppose h = -s + 14 + 1. What are the prime factors of s?
3, 5
Suppose 5*i - 4*i - 956 = 0. Suppose 4 = -b, 3*a - 8*a = -b + i. List the prime factors of (a/(-30))/(4/10).
2
Let k be 57*2*(-6)/(-4). Suppose 3*n - 90 = -3*f + 18, 5*n = 4*f + k. What are the prime factors of n?
5, 7
Let f(p) = -4*p - 20. Suppose -4*u = -6*u - 22. Li